+ 173. Let r be g(10). Calculate the greatest common factor of r and 3427.
23
Let b(w) = -w**3 - w**2 + 14*w + 65. Let l be b(-5). Let x(c) = -6*c + 1. Let o be x(-3). Calculate the greatest common factor of l and o.
19
Let n = -2623 + 3953. Calculate the highest common factor of 70 and n.
70
Let k = -2 + 0. Let c(j) = j**3 + 2*j**2 + 1. Let u be c(k). Let p = -16 + 17. Calculate the highest common factor of u and p.
1
Suppose 296 = -2*h - 5*r, 3*h - 5*r + 528 = 109. Let a = h - -247. What is the highest common divisor of a and 13?
13
Suppose -7*x + 250 = 3*x. What is the highest common factor of 1 and x?
1
Let r(q) = 15*q**2 + q - 7. Let u be r(-3). Calculate the highest common factor of 5 and u.
5
Let w be (5*2/30)/(1/33). Calculate the greatest common factor of 44 and w.
11
Suppose -1 - 23 = -4*g. Suppose 5*k - 1045 = 5*d, -d = 4*k - g*k + 422. Suppose 192 + k = 3*q. What is the greatest common factor of q and 15?
15
Let f be 435/(-10) - (-6)/(-4). Let v = -42 - f. Let p be v*5 + (-8 - -7). Calculate the highest common divisor of 35 and p.
7
Let m be 4086/45 - (-40)/(-50). What is the greatest common factor of m and 255?
15
Let m be (117/6)/((9/24)/1). Calculate the greatest common divisor of 182 and m.
26
Suppose -3*z = -3*m - 6*z + 99, 0 = 5*m - 2*z - 130. What is the greatest common divisor of m and 112?
28
Suppose w - 49 = -4*o, -2*w = -0*o - 3*o - 87. Let y be (36/10)/((-1)/(-5)). What is the highest common divisor of w and y?
9
Suppose 4*p = 38*p - 1190. What is the highest common divisor of 1015 and p?
35
Let m(t) = -3*t**2 + 20*t + 7. Let a be m(7). Suppose a = -15*o + 13*o + 28. Let l = -84 - -238. What is the greatest common factor of o and l?
14
Let j be 1 + 0 + 1*10. Let u = -184 - -446. Let d = -141 + u. Calculate the greatest common divisor of d and j.
11
Suppose -138 = -33*a + 225. Let q be 2/(-4) + (-219)/(-6). Let u = q + -14. Calculate the highest common factor of a and u.
11
Let s(o) = 2*o**3 - 3*o**2 + 2*o + 9. Let g be s(3). Suppose 6*a - 6 = g. Calculate the highest common factor of a and 6.
2
Suppose -2*w = -5*g + 20, 3*w = -2*w - 25. Suppose 0 = g*c + 4, 4*n - 105 = c + 89. Calculate the highest common factor of 6 and n.
6
Let f be 40/(-3)*9 - (-3)/(-1). Let a = f - -145. What is the greatest common divisor of 99 and a?
11
Let i(y) = -146*y - 2. Let v be i(-6). What is the highest common divisor of v and 46?
46
Let f = 9 + -11. Let j be (1 + f)*4/2. Let s be 27/(-3)*j + 0. Calculate the highest common factor of s and 9.
9
Let j(m) = 52*m - 2. Let t be j(-7). Let s = t + 258. Let k = -28 - s. Calculate the highest common divisor of k and 32.
16
Suppose 0 = o + 6*h - 4*h - 279, 4*o = 3*h + 1094. Calculate the greatest common factor of o and 55.
55
Let v(m) = 58*m - 76. Let d be v(2). What is the greatest common divisor of d and 45?
5
Let g = 3050 - 2247. What is the greatest common factor of g and 55?
11
Let a be 74/10 + (-2)/5. Suppose -a*f + 3*f = -72. Calculate the highest common factor of f and 12.
6
Suppose 2*v + 2*q - 264 = v, 3*q = v - 264. Let j be -3 + (-5)/((-15)/v). Calculate the highest common divisor of 17 and j.
17
Let t be 2/(1 - 3) + -57. Let j = t + 37. Let y be 2/(-6) + (-1015)/j. What is the highest common factor of 16 and y?
16
Suppose 159*m - 8100 = 144*m. What is the highest common factor of 20 and m?
20
Let m = 1 - -1. Let p = 1 + m. Let g(o) = -o - 1. Let n be g(-4). What is the greatest common divisor of p and n?
3
Suppose 0 = -17*t - 2*t + 684. Suppose o - t = -o. What is the highest common divisor of o and 45?
9
Let v be (8/16)/(1/(-2)). Let u be v/3*(9 - 9). Let j be (2 - 3 - u) + 78. What is the greatest common factor of j and 7?
7
Let g = -85 + 89. Suppose 41 = 3*o - t, o + t + g = 15. Calculate the highest common factor of o and 52.
13
Suppose -r + 7*u = 3*u + 17, r - 8 = -u. Let a be 6/9*(45 - (-3 + r)). What is the greatest common factor of 60 and a?
30
Let l(y) = -y + 12. Let i be l(6). Let c be (45/i)/(4/8). Let j = 183 + c. Calculate the greatest common factor of 18 and j.
18
Let i be 2/17 + (32088/68 - 13). Calculate the greatest common factor of 17 and i.
17
Let w(q) = -5*q**3 - 1. Suppose -d - 1 + 0 = 0. Let m be w(d). Suppose -3*j - 5*r = -0*r - 71, m*r = 3*j - 35. What is the greatest common divisor of j and 187?
17
Let g = -58 + 158. Suppose -3*w - g = -331. What is the highest common divisor of w and 7?
7
Let z = 73 - 11. Let i = z + -30. What is the greatest common divisor of 16 and i?
16
Let h(a) = -a + 14. Let n be h(11). Let g be 39/(-6)*(1 - n). Let p be 140/10*2*13/4. What is the highest common divisor of p and g?
13
Suppose 0 = 4*k - k - 2*g - 223, 5*k + 3*g - 397 = 0. Let h = 170 - k. What is the greatest common factor of h and 62?
31
Let j = 36 - -76. What is the highest common factor of 28 and j?
28
Let q be (1576/16)/(2/48). Calculate the highest common divisor of 12 and q.
12
Suppose 4*r - 276 = -z, 6*r + 1431 = 5*z + 9*r. Suppose -v + 6*l - l + 47 = 0, 4*l + 12 = 0. What is the greatest common factor of v and z?
32
Suppose -8*b = -5*b. Suppose b*t = -t + 9. Suppose 3*y = -3*z + z + 11, 3*z - 4*y = -t. Calculate the highest common factor of z and 4.
1
Let l(h) = h**2 - 5*h - 3. Let u be l(-1). Suppose -5*w + 41 + 17 = s, -u*w - 4*s = -45. Calculate the highest common divisor of w and 88.
11
Suppose 26 + 19 = 5*y. Let f be 8/32 + 22/8. Suppose 0*g + 31 = 4*g + v, f*g - 2 = -5*v. Calculate the highest common divisor of g and y.
9
Let y = -8 + 126. Suppose 5*m - 2*m = -3*q + 114, -5*q = 3*m - y. Let a(f) = 12*f**3 + f**2 - f. Let z be a(1). Calculate the highest common factor of z and m.
12
Suppose -9*o - 23 + 536 = 0. Calculate the highest common divisor of 437 and o.
19
Suppose 5062 = 357*s - 1364. Let n(p) = -p**3 - p**2 - 2*p - 2. Let o be n(-2). What is the highest common factor of s and o?
6
Let v = 32 + -28. Suppose 3*a - 2*a - 25 = -w, -30 = -w + v*a. Calculate the highest common divisor of w and 52.
26
Let h be (-8)/(-20) + 36/10. Suppose 0 = -h*n, -5*d + 5*n + 110 = n. Let r = 536 - 470. What is the highest common factor of r and d?
22
Suppose 0 = 118*f - 87*f - 3441. What is the highest common divisor of 37 and f?
37
Suppose 2390 = 10*f - 60. Calculate the greatest common factor of 49 and f.
49
Let z(u) = -10*u - 20. Suppose -7*y - 10*y - 102 = 0. Let a be z(y). Let i = 25 + -17. Calculate the highest common factor of i and a.
8
Let v(o) = 104*o - 1030. Let i be v(10). Suppose -3*f - 13 = s - 3*s, -f - 6 = -s. Calculate the highest common divisor of i and s.
5
Let t = 630 + -440. Let j = 26 + 17. Let k be (-2)/(j/(-95) + 2/5). Calculate the greatest common factor of k and t.
38
Suppose -g - 5*r = -15, -3*r - 2*r = 2*g - 20. What is the greatest common divisor of 565 and g?
5
Suppose 0 = 2*m - 8, -11 = -2*n - 4*m + 229. Suppose -10*v + 204 - 64 = 0. Calculate the greatest common factor of v and n.
14
Suppose 31*m + 3*p + 1133 = 32*m, -3*p = -5*m + 5689. Calculate the greatest common factor of 134 and m.
67
Let b(l) = -2*l**2 - 20*l + 4. Let m be b(-10). Suppose -80 = -5*d - 5*k, -m*k = -4*d + 6*d - 30. Calculate the greatest common divisor of 51 and d.
17
Let q = 61 + -1. Let w = 14 + 6. What is the greatest common factor of w and q?
20
Suppose 3*x + x + 16 = 0. Let o = 15 - x. Suppose 83 = 4*r + o. Calculate the greatest common divisor of r and 40.
8
Let t = 899 + -873. Suppose -5*h = -4*f + 176, -5*f + 295 = -3*h + 88. What is the greatest common divisor of f and t?
13
Let m be (-10)/9*-3*(9 + -6). Suppose 4*p = -3*h + 16, m = -2*p - 0. What is the greatest common divisor of 84 and h?
12
Let p(q) = 2*q**2 - 2*q - 12. Let j be p(-5). Let m be j/26 - (-16)/104. Calculate the greatest common factor of 8 and m.
2
Let y be 19 + (4/(-5 - -6) - 0). What is the greatest common factor of 23 and y?
23
Suppose 0 = 509*i - 497*i - 3336. Calculate the highest common divisor of i and 2.
2
Let i(s) = -s**3 - 15*s**2 + 27*s - 51. Let k be i(-17). Calculate the greatest common divisor of k and 850.
34
Let y(w) = w**3 + 23*w**2 + 20*w - 22. Let r be y(-22). What is the greatest common factor of 11 and r?
11
Let q = 35 - 43. Let o = q + 40. Suppose 4*i - 124 = 68. What is the greatest common factor of o and i?
16
Suppose -576 = -0*t - 4*t - 2*l, -5*t + 731 = -3*l. Calcu